
Let k(f) = -3*f**3 - 20*f**2 - 5*f + 3. Let m(a) = a**3 + 7*a**2 + 2*a - 1. Let i(y) = -4*k(y) - 11*m(y). Determine i(-3).
5
Suppose -2*c = 4*v - 24, 6*v = v + c + 16. Suppose -u - 18 + 2 = -5*g, v*g = -2*u + 24. Let r(o) = -2 + 0*o - g*o - o**2 + 2*o. Calculate r(-2).
-2
Let u(d) = d + 1. Let f be u(1). Let k(h) = 0*h**f + 5*h + 2 + 3 - 3 + h**2. What is k(-3)?
-4
Let d(i) = 14*i - 38. Let y(z) = -5*z + 13. Let c(o) = -6*d(o) - 17*y(o). Give c(-5).
2
Let g(h) = 1 + 2*h - 4 + 0*h. Suppose -16 = 2*p - 6*p. Calculate g(p).
5
Let p be (0 + 3 + -2 + -1)*1. Let k(l) be the second derivative of p + l + 1/6*l**3 - 1/2*l**2. What is k(-5)?
-6
Let c(a) = 777*a**2 + 2 - a - 778*a**2 + 3. Calculate c(0).
5
Let p = 20 - 17. Suppose -2*s - s = a - 4, -2*a + 5*s = p. Let r(m) = 9*m**2 - 1. Calculate r(a).
8
Let f(p) = 13*p**2 - 7*p. Let g(u) = -7*u**2 + 4*u. Let q(s) = 3*f(s) + 5*g(s). Let i = 15 - 9. Let b be ((-2)/4)/(3/i). Give q(b).
5
Let t(h) be the third derivative of 0*h**3 + 1/120*h**6 + 0*h - 1/6*h**4 + 0 - 1/40*h**5 - 3*h**2. Let b(d) be the second derivative of t(d). Calculate b(2).
9
Suppose 0 = -0*x + 5*x. Suppose x*d = -d + 4. Let f(h) = -d*h**2 - h - 1 - h + 3*h**2 - 4*h. Determine f(-3).
8
Let z(s) = -s - 2. Let p be z(-4). Let c(g) = -p*g + 3*g + 3*g + 1. Let n be (-6)/8 + 10/(-40). Calculate c(n).
-3
Let z(g) be the third derivative of g**6/120 - g**5/12 + g**4/8 + g**3/6 - 9*g**2. What is z(4)?
-3
Let f(y) be the second derivative of 0*y**3 + 3*y**2 - 5*y - 5/12*y**4 + 0 + 1/20*y**5. Let d = 9 + -4. Give f(d).
6
Let z(i) = -i**2 + 4*i - 4. Let a(j) = j**3 - 11*j**2 - 13*j + 15. Suppose -4*k = -52 + 4. Let f be a(k). Calculate z(f).
-1
Let f(r) be the second derivative of r**5/20 + r**4/12 + 12*r. Calculate f(0).
0
Let h(q) = 4*q**2 + 1 + q**2 - q**3 + 1 + 0*q**2. Let r = 0 - 0. Let c be -1 + 6 + r/4. Give h(c).
2
Let m(u) = u**3 + 2*u**2 - 4*u - 3. Let p be (-9)/3 + (-2)/(1*-2). Give m(p).
5
Let b(f) = 2*f**2 + 5*f + 4. Suppose 3*t - 4 = 4*q, 5*q + 6 = 4*t - 1. Let g(a) = -a**2 + 7*a + 5. Let h be g(t). What is b(h)?
7
Let r(m) = -m**3 + 3*m + 1 - 3*m**2 + 8 - 5. Suppose -20 = s + 4*s. Let c = s + 1. Give r(c).
-5
Let q(k) = 2*k**3 + k + 1. Let j(n) = -n**3 + n + 1. Let o(b) = -j(b) + q(b). Calculate o(1).
3
Let w(q) be the third derivative of q**4/24 + 11*q**3/6 + 5*q**2. What is w(-8)?
3
Let n(s) = s**2 + 4*s - 6. Suppose 5*o = 4*o - 6. What is n(o)?
6
Let v(n) = n**3 + 6*n**2 + 5*n + 4. Let w be v(-5). Let r be 9/(-6) + 2/w. Let z(x) = -5*x - 2 + 2. Calculate z(r).
5
Let p(t) = -t**2 - 3*t - 4. Let b be p(-3). Suppose 3*f = m + 14, -4*f - m + 27 = -4*m. Let q be (b/(-3))/((-1)/f). Let s(a) = 2*a**2 + 7*a + 4. Determine s(q).
8
Let v(t) = t**3 + 5*t**2 - 4*t. Let f(y) = -y**2. Let l(n) = -2*f(n) - v(n). Let h be l(-4). Suppose -r = -h*r + 6. Let m(d) = -d**2 - 5*d + 8. Determine m(r).
2
Let h = -10 + 7. Let j(n) = 2*n**3 + 3*n**2 - 3*n + 2. Determine j(h).
-16
Let m(f) = 11*f**2 - 3*f + 5. Let a(i) = 5*i**2 - 2*i + 3. Let n(p) = 9*a(p) - 4*m(p). Let z be ((-7)/(-2))/(-7)*-8. Suppose -z*g + 20 = -0. Calculate n(g).
2
Let n(z) be the first derivative of z**2 - 11*z - 27. Calculate n(9).
7
Suppose -16*d = -7*d + 36. Let f(y) = -y**3 - 5*y**2 - 2*y - 3. Give f(d).
-11
Let w(g) be the first derivative of -11*g**7/840 - g**6/180 - g**5/120 + g**3/3 + 3. Let y(a) be the third derivative of w(a). Determine y(-1).
10
Let f(t) be the third derivative of -t**6/40 - t**5/20 - t**4/8 - 12*t**2. What is f(-2)?
18
Let r(x) = x - 2. Let u be r(11). Let b(a) = a**2 + 9 - 3*a - u. What is b(3)?
0
Suppose 5*z + 2*w = 29, -2*z + 18 = -2*w - 2. Suppose -3*b = 4*t - z*b - 32, -3*b = 6. Let d(x) = -5 + 23 + 4*x - 25 - 2*x. Give d(t).
5
Let v(r) be the first derivative of r**4/2 + r**2 - r - 3. Let a be v(1). Let i(y) = y**2 - 4. Give i(a).
5
Let n(q) be the second derivative of -q**4/12 + q**3/6 - q**2/2 + 5*q. Give n(0).
-1
Let t(w) be the third derivative of 5*w**4/24 - w**3/2 + 5*w**2. Calculate t(3).
12
Suppose 4*h = 2*g + 2, -2*g + 5*h = -0*h + 3. Let a be 1 - 3*g/1. Let w(m) = 2 + m + m + 0*m. Determine w(a).
-2
Let k(y) be the second derivative of -y**5/20 - 3*y**4/4 - 3*y**3/2 - y**2 - 22*y. Calculate k(-8).
6
Let r(x) = 2 - 5*x - 8 + 3. Determine r(-2).
7
Let b be 5*(-5 + 88/20). Let z(x) = -x + 4*x**2 - 3 + x + x**3. Calculate z(b).
6
Let b(w) = w**2 + 5*w + 3. Let h be b(-3). Let o(z) = 10*z + z**3 - 1 + 2 + 3*z**2 - 7*z. Calculate o(h).
-8
Let b(m) = -1. Let z(f) = -f + 1. Let v(q) = 2*q - 3. Let t(a) = 2*v(a) + 5*z(a). Let g(s) = 2*b(s) - 3*t(s). Calculate g(-3).
-8
Let h(o) = 2*o + 2*o**2 - 2 + 1 - 3*o**2. Suppose -2 = -2*s - c + 2, c = -5*s + 13. Suppose 0 = 4*b + s - 11. Determine h(b).
-1
Let a(d) = d**2 - 5*d + 3. Suppose -3*o + 10 = 2*m + o, -2*m - 35 = -5*o. Let t = m - 2. Let f = -4 - t. Give a(f).
-3
Let w(i) = i**3 - 16 - 4*i**2 + 31 - 17 + 3*i. Determine w(2).
-4
Let t(i) be the third derivative of i**6/20 - i**5/60 + i**4/24 + i**3/6 + 7*i**2. Determine t(-1).
-7
Let v(d) = -45*d + 2. Let x be v(3). Let a be x/(-3) - (-8)/12. Suppose 5*c - z - a = -5*z, -25 = -5*z. Let n(w) = -w**3 + 5*w**2 - w + 1. What is n(c)?
-4
Let z(k) = k - 7. Let s be (3 - -2)*(-16)/10. Let h be (-12)/(-2)*s/(-12). Suppose 2*x + 2 = -2*m, h*x - m = -2*m + 8. Give z(x).
-4
Let d = 11 + -7. Suppose -5*t = -2*q - 11, -3*t + d*q - 5 = -2*t. Let h(v) = 2*v + 3 - 5*v**2 + v**3 + 4*v - t*v. Determine h(4).
-1
Let i(o) = 4*o + 2. Suppose -16 = -m + 3*m. Suppose 4*l - 9 = -65. Let h be 32/l + m/(-28). Calculate i(h).
-6
Suppose -2*f = -3*f + 7. Let h(r) = -r + 13. Give h(f).
6
Let x(n) = -21*n + 6. Let b(j) = -j + 1. Let d(g) = 6*b(g) - x(g). Determine d(-1).
-15
Let z(y) = 8 - 5 - y + 7. Suppose -6 + 18 = 3*r. Suppose -r*d + d = 0. Calculate z(d).
10
Let z(p) = 16*p**3 + 40*p**2 + 39*p + 29. Let w(d) = 3*d**3 + 8*d**2 + 8*d + 6. Let x(q) = -11*w(q) + 2*z(q). What is x(-7)?
13
Suppose -2*a + 9 = a. Let i(g) be the second derivative of g**3/6 + g**2/2 - 7*g. Let m be i(a). Let v(x) = -x**3 + 3*x**2 + 4*x. Determine v(m).
0
Let f(c) = -c**3 - 4*c**2 - 6. Let w(u) = -u**3 - 5*u**2 - 7. Let k(a) = 6*f(a) - 5*w(a). Suppose 4*z + 5 = -r, -4 = -2*z - 2*r - 8. Give k(z).
1
Let a(x) = x**3 - 4*x**2 + 3*x + 1. Let r(n) = n**2 - 7*n + 9. Let h(l) = 5*l + l**3 + 4*l**2 + l**2 + 0*l**2 + 3. Let w be h(-3). Let p be r(w). Give a(p).
1
Let h = 13 - 10. Let j(d) = 6 + 4*d - h*d + 0*d. Give j(-4).
2
Suppose -n = 5*n + 18. Let b(l) = -l**3 - 5*l**2 - 4*l + 1. Give b(n).
-5
Let q(u) = u**2 - u - 1. Suppose 2*s + 5*h - 25 = 0, -s + 3*h - 1 = 3. Let o(p) = -4*p**2 + 6*p + 8. Let a(m) = s*q(m) + o(m). Let k = -6 + 6. What is a(k)?
3
Let w(f) = -11*f - 16. Let c(n) = 10*n + 15. Let z(i) = -7*c(i) - 6*w(i). Calculate z(-6).
15
Let a = 12 - 11. Let y(v) = -7*v - 1. Determine y(a).
-8
Let g(s) = s + 2. Let j = 0 + 5. Suppose -4*i - 2*d - 3 = -5*i, 6 = 2*i - j*d. Determine g(i).
5
Let w(r) = -5*r**2 + 5*r - 1. Let s(q) = -3*q**2 + 3*q. Let p(x) = 7*s(x) - 4*w(x). Let u(b) = b**2 + 10*b + 13. Let g be u(-8). What is p(g)?
-8
Let t(n) be the first derivative of n**5/120 - 5*n**4/24 + 5*n**3/3 + 4. Let v(k) be the third derivative of t(k). Calculate v(-5).
-10
Let c(w) = 5*w + 1. Let m(q) = -q. Let g(o) = c(o) + 3*m(o). Let y = 9 - 5. Let t be y*(-3)/(-4)*-1. Give g(t).
-5
Let h(l) = -l**3 - 6*l**2 - 5*l - 1. Let b(w) = w + 10. Let q be b(-5). Let p be (2/(-2))/(q/25). Determine h(p).
-1
Suppose -2*y = -10, -2*y + 25 = -0*s + 3*s. Suppose 33 = s*o - 4*q, -19 = -0*o - 3*o + 2*q. Let a(m) = -m**2 + 5*m. Determine a(o).
0
Let m(q) = -2*q**2 + q - 3 + 0*q**2 + 2. Let x(j) = -2*j - 3. Let l be x(-4). Suppose 0 = l*g - 0 - 5. What is m(g)?
-2
Let h(l) be the second derivative of l**3/3 - 2*l**2 + 13*l. Calculate h(5).
6
Let o = 21 + -16. Let i(p) = -5*p**2 + p + 1. Let u(k) = 9*k**2 - 3*k - 2. Let t(z) = -7*i(z) - 4*u(z). Give t(o).
1
Let p be 44/66 + (-10)/16. Let a(t) be the third derivative of -1/3*t**3 - p*t**4 - t**2 + 0 + 0*t. Determine a(-5).
3
Let b = -77 + 73. Let q(a) be the first derivative of -1 - 2*a - 1/3*a**3 - 3/2*a**2. Determine q(b).
-6
Let g(q) = 2*q - 7. Let v = 79 + -72. What is g(v)?
7
Let k be ((-1)/(-3))/(6/54). Let t(a) = a**3 + 4 - 2 + 4*a**2 - 2*a + k*a + 0*a. Let f(w) = 